{"id":63,"date":"2018-05-01T22:42:01","date_gmt":"2018-05-01T22:42:01","guid":{"rendered":"http:\/\/www.danatal.com\/site\/?page_id=63"},"modified":"2023-10-02T20:21:41","modified_gmt":"2023-10-03T01:21:41","slug":"servicios","status":"publish","type":"page","link":"https:\/\/www.danatal.com\/site\/servicios\/","title":{"rendered":"Servicios"},"content":{"rendered":"<h1>Servicios<\/h1>\n<p>\t\t<!--====== HTML CODING START ========--><\/p>\n<section id=\"tdt-slider-160\" data-mobiles=\"1\" data-tabs=\"3\" data-slick='{\"arrows\": true, \"autoplaySpeed\": 2500, \"dots\": true, \"autoplay\": true, \"infinite\": true, \"adaptiveHeight\": true, \"pauseOnHover\": true, \"slidesToShow\": 3, \"slidesToScroll\": 1, \"fade\": false, \"touchThreshold\": 5}'>\n\t\t\t\t  \t\t\t\t\t  \t\t<a href=\"https:\/\/www.danatal.com\/site\/curos-prenatal-presencial\/\" ><br \/>\n\t\t\t\t\t  \t\t<img width=\"500\" height=\"500\" src=\"https:\/\/www.danatal.com\/site\/wp-content\/uploads\/2022\/03\/curso-prenatal-presencial-danatal.jpg\" alt=\"Curso prenatal presencial\" loading=\"lazy\" srcset=\"https:\/\/www.danatal.com\/site\/wp-content\/uploads\/2022\/03\/curso-prenatal-presencial-danatal.jpg 500w, https:\/\/www.danatal.com\/site\/wp-content\/uploads\/2022\/03\/curso-prenatal-presencial-danatal-300x300.jpg 300w, https:\/\/www.danatal.com\/site\/wp-content\/uploads\/2022\/03\/curso-prenatal-presencial-danatal-150x150.jpg 150w, https:\/\/www.danatal.com\/site\/wp-content\/uploads\/2022\/03\/curso-prenatal-presencial-danatal-100x100.jpg 100w\" sizes=\"(max-width: 500px) 100vw, 500px\" \/><br \/>\n\t\t\t\t\t\t<\/a><\/p>\n<h3 style=\"text-align: center;\">Curso Prenatal Presencial<\/h3>\n<p>\n\t\t\t\t\t\t  \t\t<a href=\"https:\/\/www.danatal.com\/site\/curos-prenatal-presencial\/\"  style=\"background-color: #886DAC; color: #fff; text-decoration: none;\"><br \/>\n\t\t\t\t\t\t\t  \t\t\u00a1Adqui\u00e9relo! <i style=\"font-size:15px\">&#xf07a;<\/i>\t\t\t\t\t\t\t  \t<\/a><\/p>\n<p>&nbsp;<\/p>\n<p>\t\t\t\t  \t\t\t\t\t  \t\t<a href=\"https:\/\/www.danatal.com\/site\/yoga-prenatal\/\" ><br \/>\n\t\t\t\t\t  \t\t<img width=\"500\" height=\"500\" src=\"https:\/\/www.danatal.com\/site\/wp-content\/uploads\/2022\/03\/home-yoga-prenatal-danatal.jpg\" alt=\"Home Yoga Premanta Danatal\" loading=\"lazy\" srcset=\"https:\/\/www.danatal.com\/site\/wp-content\/uploads\/2022\/03\/home-yoga-prenatal-danatal.jpg 500w, https:\/\/www.danatal.com\/site\/wp-content\/uploads\/2022\/03\/home-yoga-prenatal-danatal-300x300.jpg 300w, https:\/\/www.danatal.com\/site\/wp-content\/uploads\/2022\/03\/home-yoga-prenatal-danatal-150x150.jpg 150w, https:\/\/www.danatal.com\/site\/wp-content\/uploads\/2022\/03\/home-yoga-prenatal-danatal-100x100.jpg 100w\" sizes=\"(max-width: 500px) 100vw, 500px\" \/><br \/>\n\t\t\t\t\t\t<\/a><\/p>\n<h3 style=\"text-align: center;\">Home Yoga Prenatal<\/h3>\n<p>\n\t\t\t\t\t\t  \t\t<a href=\"https:\/\/www.danatal.com\/site\/yoga-prenatal\/\"  style=\"background-color: #886DAC; color: #fff; text-decoration: none;\"><br \/>\n\t\t\t\t\t\t\t  \t\t\u00a1Adqui\u00e9relo! <i style=\"font-size:15px\">&#xf07a;<\/i>\t\t\t\t\t\t\t  \t<\/a><\/p>\n<p>&nbsp;<\/p>\n<p>\t\t\t\t  \t\t\t\t\t  \t\t<a href=\"https:\/\/www.danatal.com\/site\/prenatal-en-linea\/\" ><br \/>\n\t\t\t\t\t  \t\t<img width=\"500\" height=\"500\" src=\"https:\/\/www.danatal.com\/site\/wp-content\/uploads\/2022\/03\/curso-prenatal-online-danatal.jpg\" alt=\"Curso prenatal online\" loading=\"lazy\" srcset=\"https:\/\/www.danatal.com\/site\/wp-content\/uploads\/2022\/03\/curso-prenatal-online-danatal.jpg 500w, https:\/\/www.danatal.com\/site\/wp-content\/uploads\/2022\/03\/curso-prenatal-online-danatal-300x300.jpg 300w, https:\/\/www.danatal.com\/site\/wp-content\/uploads\/2022\/03\/curso-prenatal-online-danatal-150x150.jpg 150w, https:\/\/www.danatal.com\/site\/wp-content\/uploads\/2022\/03\/curso-prenatal-online-danatal-100x100.jpg 100w\" sizes=\"(max-width: 500px) 100vw, 500px\" \/><br \/>\n\t\t\t\t\t\t<\/a><\/p>\n<h3 style=\"text-align: center;\">Curso Prenatal Online<\/h3>\n<p>\n\t\t\t\t\t\t  \t\t<a href=\"https:\/\/www.danatal.com\/site\/prenatal-en-linea\/\"  style=\"background-color: #886DAC; color: #fff; text-decoration: none;\"><br \/>\n\t\t\t\t\t\t\t  \t\t\u00a1Adqui\u00e9relo! <i style=\"font-size:15px\">&#xf07a;<\/i>\t\t\t\t\t\t\t  \t<\/a><\/p>\n<p>&nbsp;<\/p>\n<\/section>\n<style>\n\t\t\t#tdt-slider-160 .slick-prev {\n\t\t\t\tleft: 40px !important;\n\t\t\t}\n\t\t\t#tdt-slider-160 .slick-next {\n\t\t\t\tright: 40px !important;\n\t\t\t}\n\t\t\t#tdt-slider-160.content-over-slider .slick-slide .content-section {\n\t\t\t\ttop: 15%;\n\t\t\t}\n\t\t\t@media only screen and (max-width: 480px) {\n\t\t\t\t#tdt-slider-160.content-over-slider .slick-slide .content-section {\n\t\t\t\t\ttop: 35px !important;\n\t\t\t\t}\n\t\t\t\t#tdt-slider-160.content-over-slider .ultimate-slide-img img{\n\t\t\t\t\theight: px !important;\n\t\t\t\t\tobject-fit: cover;\n\t\t\t\t}\n\t\t\t\t#tdt-slider-160 .slick-prev, #tdt-slider-160 .slick-next {\n\t\t\t\t\tdisplay: block !important;\n\t\t\t\t}\n\t\t\t}\n\t\t<\/style>\n<h3>                    <a href=\"https:\/\/www.danatal.com\/site\/seminario-gratuito-parir-sin-miedo\/\"><br \/>\n\t\t\t\t\t\tSeminario Gratuito<br \/>&#8220;Parir sin Miedo&#8221;                    <\/a><br \/>\n\t\t\t\t<\/h3>\n<p>\t\t\t\t\t\t\t\t\t\t\t\t\t\t\t\t                    <a href=\"https:\/\/www.danatal.com\/site\/seminario-gratuito-parir-sin-miedo\/\"><br \/>\n\t\t\t\t\t\t\t\t\t\t\t\tInformes\t\t\t\t\t\t                    <\/a><\/p>\n<h3>                    <a href=\"https:\/\/www.danatal.com\/site\/formacion-para-doulas\/\"><br \/>\n\t\t\t\t\t\tFormaci\u00f3n<br \/> Doulas Danatal                    <\/a><br \/>\n\t\t\t\t<\/h3>\n<p>\t\t\t\t\t\t\t\t\t\t\t\t\t\t\t\t                    <a href=\"https:\/\/www.danatal.com\/site\/formacion-para-doulas\/\"><br \/>\n\t\t\t\t\t\t\t\t\t\t\t\tInformes\t\t\t\t\t\t                    <\/a><\/p>\n<h3>                    <a href=\"https:\/\/www.danatal.com\/site\/doula-de-parto\/\"><br \/>\n\t\t\t\t\t\tDoula de<br \/> Parto                    <\/a><br \/>\n\t\t\t\t<\/h3>\n<p>\t\t\t\t\t\t\t\t\t\t\t\t\t\t\t\t                    <a href=\"https:\/\/www.danatal.com\/site\/doula-de-parto\/\"><br \/>\n\t\t\t\t\t\t\t\t\t\t\t\tInformes\t\t\t\t\t\t                    <\/a><br \/>\n\t\t\t<a href=\"https:\/\/www.danatal.com\/site\/preguntas-frecuentes\/\" role=\"button\"><br \/>\n\t\t\t\t\t\tIr a Preguntas Frecuentes<br \/>\n\t\t\t\t\t<\/a><br \/>\n\t\t\t\t\t\t\t\t\t\t\t\t\t\t\t<img width=\"470\" height=\"379\" src=\"https:\/\/www.danatal.com\/site\/wp-content\/uploads\/2021\/11\/DANATAL_LOGONacimientosenarmonia-footer.png\" alt=\"\" loading=\"lazy\" srcset=\"https:\/\/www.danatal.com\/site\/wp-content\/uploads\/2021\/11\/DANATAL_LOGONacimientosenarmonia-footer.png 470w, https:\/\/www.danatal.com\/site\/wp-content\/uploads\/2021\/11\/DANATAL_LOGONacimientosenarmonia-footer-300x242.png 300w\" sizes=\"(max-width: 470px) 100vw, 470px\" \/>\t\t\t\t\t\t\t\t\t\t\t\t\t\t\t<\/p>\n<p style=\"text-align: center;\"><a href=\"https:\/\/mkt.danatal.com\/politica-de-privacidad\">Pol\u00edtica de Privacidad<\/a> | <a href=\"https:\/\/mkt.danatal.com\/terminos-y-condiciones\">T\u00e9rminos y Condiciones<\/a> | <a href=\"https:\/\/mkt.danatal.com\/politicas-de-cookies\">Cookies<\/a><\/p>\n<p>\t\t\t\t\t\t\t\t\t\t\t\t\t\t\t<img width=\"263\" height=\"36\" src=\"https:\/\/www.danatal.com\/site\/wp-content\/uploads\/2021\/11\/metodos-de-pago-danatal.png\" alt=\"\" loading=\"lazy\" \/><br \/>\n\t\tHecho con amor por <a href=\"https:\/\/www.webstyle.mx\/\" target=\"_blank\" rel=\"noopener\" style=\"color:#806da9;\">Webstyle<\/a><\/p>\n","protected":false},"excerpt":{"rendered":"<p>Servicios Curso Prenatal Presencial \u00a1Adqui\u00e9relo! &#xf07a; &nbsp; Home Yoga Prenatal \u00a1Adqui\u00e9relo! &#xf07a; &nbsp; Curso Prenatal Online \u00a1Adqui\u00e9relo! &#xf07a; &nbsp; Seminario Gratuito&#8220;Parir sin Miedo&#8221; Informes Formaci\u00f3n Doulas Danatal Informes Doula de Parto Informes Ir a Preguntas Frecuentes Pol\u00edtica de Privacidad | T\u00e9rminos y Condiciones | Cookies Hecho con amor por Webstyle<\/p>\n","protected":false},"author":1,"featured_media":0,"parent":0,"menu_order":0,"comment_status":"closed","ping_status":"closed","template":"elementor_header_footer","meta":[],"aioseo_notices":[],"_links":{"self":[{"href":"https:\/\/www.danatal.com\/site\/wp-json\/wp\/v2\/pages\/63"}],"collection":[{"href":"https:\/\/www.danatal.com\/site\/wp-json\/wp\/v2\/pages"}],"about":[{"href":"https:\/\/www.danatal.com\/site\/wp-json\/wp\/v2\/types\/page"}],"author":[{"embeddable":true,"href":"https:\/\/www.danatal.com\/site\/wp-json\/wp\/v2\/users\/1"}],"replies":[{"embeddable":true,"href":"https:\/\/www.danatal.com\/site\/wp-json\/wp\/v2\/comments?post=63"}],"version-history":[{"count":79,"href":"https:\/\/www.danatal.com\/site\/wp-json\/wp\/v2\/pages\/63\/revisions"}],"predecessor-version":[{"id":4077,"href":"https:\/\/www.danatal.com\/site\/wp-json\/wp\/v2\/pages\/63\/revisions\/4077"}],"wp:attachment":[{"href":"https:\/\/www.danatal.com\/site\/wp-json\/wp\/v2\/media?parent=63"}],"curies":[{"name":"wp","href":"https:\/\/api.w.org\/{rel}","templated":true}]}}